561863?
7
Calculate the remainder when 42631 is divided by 41.
32
Calculate the remainder when 104080 is divided by 31.
13
What is the remainder when 242419 is divided by 908?
891
Calculate the remainder when 2493501 is divided by 12.
9
What is the remainder when 61074 is divided by 8?
2
What is the remainder when 646 is divided by 123?
31
What is the remainder when 667406 is divided by 471?
470
What is the remainder when 18841 is divided by 387?
265
Calculate the remainder when 20156 is divided by 801.
131
What is the remainder when 19714 is divided by 278?
254
What is the remainder when 9840 is divided by 364?
12
Calculate the remainder when 62154 is divided by 5648.
26
Calculate the remainder when 32854 is divided by 16424.
6
Calculate the remainder when 28098 is divided by 47.
39
What is the remainder when 59964 is divided by 124?
72
Calculate the remainder when 108187 is divided by 337.
10
What is the remainder when 689 is divided by 74?
23
Calculate the remainder when 12736 is divided by 63.
10
What is the remainder when 1918 is divided by 1915?
3
What is the remainder when 75655 is divided by 63?
55
What is the remainder when 24504 is divided by 380?
184
What is the remainder when 10487 is divided by 10445?
42
What is the remainder when 116784 is divided by 23?
13
Calculate the remainder when 2071 is divided by 65.
56
What is the remainder when 1587 is divided by 223?
26
What is the remainder when 12681 is divided by 118?
55
What is the remainder when 14718 is divided by 139?
123
What is the remainder when 355294 is divided by 147?
142
Calculate the remainder when 47145 is divided by 268.
245
Calculate the remainder when 9801 is divided by 18.
9
What is the remainder when 6439 is divided by 1584?
103
Calculate the remainder when 29820 is divided by 1752.
36
Calculate the remainder when 287366 is divided by 618.
614
Calculate the remainder when 6444078 is divided by 699.
696
Calculate the remainder when 1872 is divided by 137.
91
What is the remainder when 17085 is divided by 1147?
1027
Calculate the remainder when 108543 is divided by 21700.
43
Calculate the remainder when 163950 is divided by 9640.
70
Calculate the remainder when 18924 is divided by 404.
340
Calculate the remainder when 3538 is divided by 1168.
34
Calculate the remainder when 23024 is divided by 245.
239
What is the remainder when 247080 is divided by 348?
0
Calculate the remainder when 19165 is divided by 19.
13
What is the remainder when 163729 is divided by 25?
4
What is the remainder when 19049 is divided by 50?
49
What is the remainder when 210959 is divided by 20?
19
Calculate the remainder when 26957 is divided by 5.
2
Calculate the remainder when 719 is divided by 14.
5
What is the remainder when 35170 is divided by 1302?
16
Calculate the remainder when 12364 is divided by 89.
82
Calculate the remainder when 372514 is divided by 86.
48
What is the remainder when 6795 is divided by 82?
71
What is the remainder when 8003 is divided by 735?
653
Calculate the remainder when 83021 is divided by 405.
401
What is the remainder when 6167 is divided by 105?
77
Calculate the remainder when 21222 is divided by 165.
102
What is the remainder when 115679 is divided by 57838?
3
Calculate the remainder when 3328 is divided by 142.
62
Calculate the remainder when 265904 is divided by 587.
580
What is the remainder when 39618 is divided by 229?
1
Calculate the remainder when 1243118 is divided by 45.
38
What is the remainder when 30961 is divided by 15448?
65
Calculate the remainder when 600 is divided by 298.
4
Calculate the remainder when 957 is divided by 520.
437
Calculate the remainder when 4917 is divided by 169.
16
What is the remainder when 47827 is divided by 10?
7
What is the remainder when 96309 is divided by 48085?
139
What is the remainder when 6126 is divided by 3028?
70
What is the remainder when 8303 is divided by 419?
342
What is the remainder when 3735 is divided by 13?
4
What is the remainder when 45837 is divided by 1?
0
Calculate the remainder when 916 is divided by 72.
52
What is the remainder when 173192 is divided by 216?
176
Calculate the remainder when 175179 is divided by 86.
83
Calculate the remainder when 144361 is divided by 33.
19
Calculate the remainder when 5448 is divided by 271.
28
Calculate the remainder when 2014 is divided by 447.
226
Calculate the remainder when 831842 is divided by 33273.
17
What is the remainder when 56091 is divided by 56?
35
What is the remainder when 3677 is divided by 48?
29
Calculate the remainder when 71526 is divided by 11905.
96
Calculate the remainder when 247378 is divided by 285.
283
What is the remainder when 2512 is divided by 635?
607
What is the remainder when 20214 is divided by 10096?
22
Calculate the remainder when 15156 is divided by 2423.
618
Calculate the remainder when 6835 is divided by 312.
283
Calculate the remainder when 3457 is divided by 269.
229
Calculate the remainder when 71387 is divided by 29.
18
Calculate the remainder when 286654 is divided by 18.
4
What is the remainder when 11000 is divided by 47?
2
What is the remainder when 54095 is divided by 49?
48
What is the remainder when 12289 is divided by 3921?
526
What is the remainder when 2214 is divided by 895?
424
What is the remainder when 20825 is divided by 508?
505
Calculate the remainder when 7612 is divided by 32.
28
What is the remainder when 5105 is divided by 1350?
1055
Calculate the remainder when 283917 is divided by 23659.
9
Calculate the remainder when 45716 is divided by 127.
123
Calculate the remainder when 11459 is divided by 1214.
533
What is the remainder when 25681 is divided by 276?
13
What is the remainder when 105397 is divided by 374?
303
Calculate the remainder when 74708 is divided by 17.
10
What is the remainder when 59410 is divided by 298?
108
Calculate the remainder when 49493 is divided by 219.
218
Calculate the remainder when 16163 is divided by 36.
35
What is the remainder when 2503 is divided by 1458?
1045
What is the remainder when 5908 is divided by 281?
7
Calculate the remainder when 79805 is divided by 39873.
59
Calculate the remainder when 5935 is divided by 263.
149
Calculate the remainder when 10322 is divided by 3358.
248
What is the remainder when 99482 is divided by 201?
188
Calculate the remainder when 87072 is divided by 28979.
135
Calculate the remainder when 7034 is divided by 468.
14
Calculate the remainder when 6935 is divided by 1154.
11
Calculate the remainder when 2920 is divided by 67.
39
Calculate the remainder when 9774 is divided by 127.
122
What is the remainder when 366879 is divided by 20?
19
Calculate the remainder when 27546 is divided by 179.
159
Calculate the remainder when 1042 is divided by 73.
20
Calculate the remainder when 774 is divided by 240.
54
What is the remainder when 16665 is divided by 2075?
65
What is the remainder when 773523 is divided by 695?
683
Calculate the remainder when 11691 is divided by 1720.
1371
What is the remainder when 25030 is divided by 58?
32
What is the remainder when 26331 is divided by 429?
162
Calculate the remainder when 1064774 is divided by 143.
139
What is the remainder when 3179 is divided by 130?
59
Calculate the remainder when 7628 is divided by 28.
12
What is the remainder when 11286 is divided by 240?
6
What is the remainder when 1925597 is divided by 415?
412
What is the remainder when 6175 is divided by 1429?
459
What is the remainder when 2727640 is divided by 428?
424
What is the remainder when 279979 is divided by 13?
11
What is the remainder when 14698 is divided by 785?
568
Calculate the remainder when 223308 is divided by 10.
8
Calculate the remainder when 4915 is divided by 197.
187
What is the remainder when 512468 is divided by 86?
80
What is the remainder when 11919 is divided by 302?
141
What is the remainder when 1627 is divided by 23?
17
What is the remainder when 1743 is divided by 412?
95
Calculate the remainder when 17863 is divided by 58.
57
What is the remainder when 11803 is divided by 370?
333
What is the remainder when 7534 is divided by 1244?
70
What is the remainder when 11124937 is divided by 41?
38
What is the remainder when 1161 is divided by 301?
258
Calculate the remainder when 1990726 is divid